{"id":1979,"date":"2023-03-21T05:19:02","date_gmt":"2023-03-21T05:19:02","guid":{"rendered":"https:\/\/plantillas-ortopedicas.com\/portal\/?page_id=1979"},"modified":"2023-03-21T06:05:10","modified_gmt":"2023-03-21T06:05:10","slug":"terminos-y-condiciones","status":"publish","type":"page","link":"https:\/\/plantillas-ortopedicas.com\/portal\/terminos-y-condiciones\/","title":{"rendered":"T\u00e9rminos y condiciones"},"content":{"rendered":"\t\t<div data-elementor-type=\"wp-page\" data-elementor-id=\"1979\" class=\"elementor elementor-1979\" data-elementor-post-type=\"page\">\n\t\t\t\t\t\t<section class=\"elementor-section elementor-top-section elementor-element elementor-element-d06d784 elementor-section-height-min-height elementor-section-boxed elementor-section-height-default elementor-section-items-middle\" data-id=\"d06d784\" data-element_type=\"section\">\n\t\t\t\t\t\t<div class=\"elementor-container elementor-column-gap-default\">\n\t\t\t\t\t<div class=\"elementor-column elementor-col-100 elementor-top-column elementor-element elementor-element-701fb96\" data-id=\"701fb96\" data-element_type=\"column\">\n\t\t\t<div class=\"elementor-widget-wrap\">\n\t\t\t\t\t\t\t<\/div>\n\t\t<\/div>\n\t\t\t\t\t<\/div>\n\t\t<\/section>\n\t\t\t\t<section class=\"elementor-section elementor-top-section elementor-element elementor-element-140afe3 elementor-section-boxed elementor-section-height-default elementor-section-height-default\" data-id=\"140afe3\" data-element_type=\"section\">\n\t\t\t\t\t\t<div class=\"elementor-container elementor-column-gap-default\">\n\t\t\t\t\t<div class=\"elementor-column elementor-col-100 elementor-top-column elementor-element elementor-element-789b06b\" data-id=\"789b06b\" data-element_type=\"column\">\n\t\t\t<div class=\"elementor-widget-wrap elementor-element-populated\">\n\t\t\t\t\t\t<div class=\"elementor-element elementor-element-1e51598 elementor-widget elementor-widget-heading\" data-id=\"1e51598\" data-element_type=\"widget\" data-widget_type=\"heading.default\">\n\t\t\t\t<div class=\"elementor-widget-container\">\n\t\t\t\t\t<h2 class=\"elementor-heading-title elementor-size-default\">T\u00e9rminos y condiciones<\/h2>\t\t\t\t<\/div>\n\t\t\t\t<\/div>\n\t\t\t\t<div class=\"elementor-element elementor-element-b68bb68 elementor-widget elementor-widget-text-editor\" data-id=\"b68bb68\" data-element_type=\"widget\" data-widget_type=\"text-editor.default\">\n\t\t\t\t<div class=\"elementor-widget-container\">\n\t\t\t\t\t\t\t\t\t<h2>Proemio<\/h2><p>Al ingresar y utilizar este portal de Internet, cuyo nombre de dominio es www.plantillas-ortopedicas.com, propiedad de la empresa GPO Plantillas Ortop\u00e9dicas, que en lo sucesivo se denominar\u00e1 GPO, el usuario est\u00e1 aceptando los T\u00c9RMINOS Y CONDICIONES DE USO contenidos en este convenio y declara expresamente su aceptaci\u00f3n utilizando para tal efecto medios electr\u00f3nicos, en t\u00e9rminos de lo dispuesto por el art\u00edculo 1803 del C\u00f3digo Civil Federal.<\/p><p>En caso de no aceptar en forma absoluta y completa los t\u00e9rminos y condiciones de este convenio, el usuario deber\u00e1 abstenerse de acceder, utilizar y observar el sitio web www.plantillas-ortopedicas.com; en caso de que el usuario acceda, utilice y observe el sitio web www.plantillas-ortopedicas.com se considerar\u00e1 como una absoluta y expresa aceptaci\u00f3n de los T\u00c9RMINOS Y CONDICIONES DE USO aqu\u00ed estipulados.<\/p><p>La sola utilizaci\u00f3n de dicha p\u00e1gina de Internet le otorga al p\u00fablico en general la condici\u00f3n de usuario (en adelante referido como el \u00abusuario\u00bb o los \u00abusuarios\u00bb) e implica la aceptaci\u00f3n, plena e incondicional, de todas y cada una de las condiciones generales y particulares incluidas en estos T\u00c9RMINOS Y CONDICIONES DE USO publicados por GPO en el momento mismo en que el usuario acceda al sitio web.<\/p><p>Cualquier modificaci\u00f3n a los presentes T\u00c9RMINOS Y CONDICIONES DE USO, ser\u00e1 realizada cuando el GPO lo considere apropiado, siendo exclusiva responsabilidad del usuario asegurarse de tomar conocimiento de tales modificaciones.<\/p><h2>Convenio<\/h2><p>Convenio celebrado para el uso de la p\u00e1gina de Internet www.plantillas-ortopedicas.com que celebran: por una parte el GPO y, por la otra, el usuario, sujet\u00e1ndose, ambas partes, a lo establecido en este documento.<\/p><h2>Concesi\u00f3n del Uso<\/h2><p>Por virtud de la celebraci\u00f3n de este convenio, GPO concede al usuario el derecho no exclusivo, revocable y no transferible de ver y utilizar el sitio web www.plantillas-ortopedicas.com de conformidad con los T\u00c9RMINOS Y CONDICIONES DE USO que aqu\u00ed se estipulan. Para los efectos del presente convenio, las partes acuerdan que por \u00abusuario\u00bb se entender\u00e1 a cualquier persona de cualquier naturaleza que ingrese al sitio web www.plantillas-ortopedicas.com y\/o a cualquiera de las subp\u00e1ginas que despliegan su contenido y\/o a la persona de cualquier naturaleza que se d\u00e9 de alta y\/o use cualquiera de los servicios que se ofrecen a trav\u00e9s de dicha p\u00e1gina.<\/p><p>El usuario s\u00f3lo podr\u00e1 imprimir y\/o copiar cualquier informaci\u00f3n contenida o publicada en el sitio web www.plantillas-ortopedicas.com exclusivamente para uso personal, queda terminantemente prohibido el uso comercial de dicha informaci\u00f3n. En caso de ser persona moral, se sujetar\u00e1 a lo dispuesto por el art\u00edculo 148, fracci\u00f3n IV de la Ley Federal del Derecho de Autor.<\/p><p>La reimpresi\u00f3n, publicaci\u00f3n, distribuci\u00f3n, asignaci\u00f3n, sublicencia, venta, reproducci\u00f3n electr\u00f3nica o por cualquier otro medio, de forma parcial o total, de cualquier informaci\u00f3n, documento o gr\u00e1fico que aparezca en el sitio web www.plantillas-ortopedicas.com, para cualquier uso distinto al personal no comercial, le est\u00e1 expresamente prohibido al usuario, salvo que cuente con la autorizaci\u00f3n previa y por escrito del GPO.<\/p><h2>Reglas para el uso del sitio web www.plantillas-ortopedicas.com<\/h2><p>El usuario y GPO acuerdan que la utilizaci\u00f3n del Sitio web se sujetar\u00e1 a las siguientes reglas:<\/p><p>El usuario reconoce y acepta que la informaci\u00f3n publicada o contenida en www.plantillas-ortopedicas.com ser\u00e1 claramente identificada, de forma tal, que se reconozca que la misma proviene y ha sido generada por el GPO o por sus proveedores.<\/p><p>La informaci\u00f3n, conceptos y opiniones publicadas en dicho sitio, no necesariamente reflejan la posici\u00f3n de GPO, de sus empleados, oficiales, directores, accionistas, licenciatarios o concesionarios (en lo sucesivo los \u00abafiliados\u00bb). Por esta raz\u00f3n, GPO no se hace responsable por ninguno de los datos informativos, opiniones y conceptos, que se emitan en la p\u00e1gina web referida.<\/p><p>GPO no se hace responsable de la informaci\u00f3n contenida en la p\u00e1gina de Internet, incluidas las subp\u00e1ginas, en el entendido de que el uso y seguimiento de la misma es bajo riesgo y responsabilidad del usuario.<\/p><p>GPO se reserva el derecho de bloquear el acceso o remover en forma parcial o total toda la informaci\u00f3n, comunicaci\u00f3n o el material que a su exclusivo juicio pueda resultar:<\/p><ul><li>Abusivo, difamatorio u obsceno;<\/li><li>Fraudulento, artificioso o enga\u00f1oso;<\/li><li>Violatorio de derechos de autor, marcas, confidencialidad, secretos industriales o cualquier derecho de propiedad intelectual de un tercero;<\/li><li>ofensivo;<\/li><\/ul><p>Que de cualquier forma contravenga lo establecido en este convenio.<\/p><p>El usuario reconoce que GPO no controla o censura previamente el contenido disponible en la p\u00e1gina de Internet. Por tal motivo, GPO no asume ninguna responsabilidad por el contenido provisto a dicha p\u00e1gina por proveedores independientes o ajenos a GPO y no tiene el control editorial sobre el contenido, informaci\u00f3n y\/o material generado y\/o provisto por terceros.<\/p><p>Todas las opiniones, consejos, declaraciones, servicios, ofertas u otras informaciones o contenidos expresados o puestos a disposici\u00f3n del p\u00fablico por terceros, pertenecen a su respectivo autor y GPO no asume responsabilidad alguna frente a ello.<\/p><p>GPO no garantiza la exactitud, veracidad, amplitud y\/o utilidad de cualquier contenido provisto por tales terceros. Adicionalmente, GPO no es responsable ni garantiza la exactitud, exhaustividad, veracidad y\/o confiabilidad de cualquier opini\u00f3n, informaci\u00f3n, consejo o declaraci\u00f3n expresados por GPO a trav\u00e9s de su p\u00e1gina de Internet y bajo ninguna circunstancia GPO ser\u00e1 responsable de cualquier da\u00f1o y\/o perjuicio, directo o indirecto, causado en virtud de la confianza que el usuario deposite en informaci\u00f3n obtenida a trav\u00e9s de su sitio web.<\/p><p>GPO se reserva el derecho de suprimir o modificar el contenido de esta p\u00e1gina que, a su exclusivo juicio, no cumpla con sus est\u00e1ndares o que pudiera resultar contrario al ordenamiento jur\u00eddico vigente y, por consiguiente, no ser\u00e1 responsable por cualquier falla o tardanza que se genere al eliminar tal material.<\/p><h2>Formatos<\/h2><p>Los usuarios reconocen que, al proporcionar la informaci\u00f3n de car\u00e1cter personal requerida en alguno de los servicios que se prestan en este sitio web, incluyendo los formatos proporcionados al efecto, otorgan a GPO la autorizaci\u00f3n se\u00f1alada en el art\u00edculo 109 de la Ley Federal del Derecho de Autor. En todos los casos, los usuarios responder\u00e1n por la veracidad de la informaci\u00f3n proporcionada a GPO.<\/p><p>Asimismo, para la prestaci\u00f3n de servicios, el usuario se obliga adem\u00e1s a aceptar los t\u00e9rminos y condiciones estipulados para tal efecto.<\/p><h2>Derechos de autor y propiedad industrial<\/h2><p>Todo el material que aparece en el sitio web www.plantillas-ortopedicas.com, incluyendo marcas, nombres de dominio, logotipos, nombres comerciales y obras art\u00edsticas; son propiedad de sus respectivos titulares y est\u00e1n protegidos por los tratados internacionales y las leyes aplicables en materia de propiedad intelectual y derechos de autor.<\/p><p>Los derechos de autor sobre el contenido, organizaci\u00f3n, recopilaci\u00f3n, compilaci\u00f3n, informaci\u00f3n, logotipos, fotograf\u00edas, im\u00e1genes, programas, aplicaciones y en general, cualquier informaci\u00f3n contenida o publicada en el sitio web\u00a0<span style=\"letter-spacing: -0.15px;\">www.plantillas-ortopedicas.com<\/span>, se encuentran debidamente protegidos a favor de GPO, sus afiliados, proveedores y\/o de sus respectivos propietarios, de conformidad con la legislaci\u00f3n aplicable en materia de propiedad intelectual e industrial.<\/p><p>Se proh\u00edbe expresamente al usuario modificar, alterar o suprimir, ya sea en forma total o parcial, los avisos, marcas, nombres comerciales, se\u00f1as, anuncios, logotipos o en general, cualquier indicaci\u00f3n que se refiera a la propiedad de la informaci\u00f3n contenida en el sitio web se\u00f1alado.<\/p><p>En caso de que el usuario transmita a GPO cualquier informaci\u00f3n, programas, aplicaciones, software o cualquier material que requiera ser licenciado a trav\u00e9s del sitio web\u00a0<span style=\"letter-spacing: -0.15px;\">www.plantillas-ortopedicas.com<\/span>, el usuario otorga en este acto al GPO, una licencia perpetua, universal, gratuita, no exclusiva, mundial y libre de regal\u00edas, que incluye los derechos de sublicenciar, vender, reproducir, distribuir, transmitir, crear trabajos derivados, exhibirlos y ejecutarlos p\u00fablicamente.<\/p><p>Lo establecido en el p\u00e1rrafo anterior se aplicar\u00e1 igualmente a cualquier otra informaci\u00f3n que el usuario env\u00ede o transmita a GPO, incluyendo, sin limitaci\u00f3n alguna, ideas para renovar o mejorar el sitio web\u00a0<span style=\"letter-spacing: -0.15px;\">www.plantillas-ortopedicas.com<\/span>; ya sea que \u00e9stas hayan sido incluidas en cualquier espacio de la p\u00e1gina se\u00f1alada, o por otros medios o modos de transmisi\u00f3n conocidos o que sean desarrollados en el futuro.<\/p><p>Por lo anterior, el usuario renuncia expresamente con este acto a llevar a cabo cualquier acci\u00f3n, demanda o reclamaci\u00f3n en contra de GPO, sus afiliados o proveedores, por cualquier actual o eventual violaci\u00f3n de cualquier derecho de autor o propiedad intelectual derivado de la informaci\u00f3n, programas, aplicaciones, software, ideas y dem\u00e1s material que el propio usuario env\u00ede al sitio web\u00a0<span style=\"letter-spacing: -0.15px;\">www.plantillas-ortopedicas.com<\/span>.<\/p><p>GPO actuar\u00e1 en contra de las violaciones que en materia de propiedad intelectual se pudieran generar u originar seg\u00fan lo estipulado en la legislaci\u00f3n y en otras leyes de propiedad intelectual aplicables, incluyendo la eliminaci\u00f3n o el bloqueo del acceso a material que se encuentra sujeto a actividades que infrinjan el derecho de propiedad intelectual de terceros.<\/p><p>En caso de que alg\u00fan usuario o tercero considere que alguno de los contenidos encontrados o introducidos en el sitio\u00a0<span style=\"letter-spacing: -0.15px;\">www.plantillas-ortopedicas.com<\/span>\u00a0y\/o cualquiera de sus servicios, violen sus derechos de propiedad intelectual, deber\u00e1n enviar una notificaci\u00f3n a efectos de aclarar dicha situaci\u00f3n, la siguiente direcci\u00f3n\u00a0<span style=\"letter-spacing: -0.15px;\">contacto@plantillas-ortopedicas.com<\/span>\u00a0en la que indiquen:<\/p><ul><li>Datos personales ver\u00eddicos (nombre, direcci\u00f3n, n\u00famero de tel\u00e9fono y direcci\u00f3n de correo electr\u00f3nico el reclamante);<\/li><li>Firma aut\u00f3grafa con los datos personales del titular de los derechos de propiedad intelectual;<\/li><li>Indicaci\u00f3n precisa y completa del (los) contenido (s) protegido (s) mediante los derechos de propiedad intelectual supuestamente infringidos, as\u00ed como la localizaci\u00f3n de dichas violaciones en el sitio web referido;<\/li><li>Declaraci\u00f3n expresa y clara de que la introducci\u00f3n del (los) contenido (s) indicado (s) se ha realizado sin el consentimiento del titular de los derechos de propiedad intelectual supuestamente infringidos;<\/li><li>Declaraci\u00f3n expresa, clara y bajo la responsabilidad del reclamante de que la informaci\u00f3n proporcionada en la notificaci\u00f3n es exacta y de que la introducci\u00f3n del (los) contenido (s) constituye una violaci\u00f3n de dichos derechos.<\/li><\/ul><h2>Material publicitario<\/h2><p>El usuario reconoce y acepta que GPO tiene plena independencia respecto a los terceros patrocinadores y anunciantes, cuya informaci\u00f3n, im\u00e1genes, anuncios y dem\u00e1s material publicitario o promocional (en lo subsecuente \u00abmaterial publicitario\u203a) puede ser publicado en el sitio web\u00a0<span style=\"letter-spacing: -0.15px;\">www.plantillas-ortopedicas.com<\/span>.<\/p><p>El usuario reconoce y acepta que el material publicitario no forma parte del contenido principal que se publica en dicho sitio. Asimismo, reconoce y acepta con este acto que este material se encuentra protegido por las leyes que en materia de propiedad intelectual e industrial resulten aplicables.<\/p><h2>Negaci\u00f3n de garant\u00edas<\/h2><p>El usuario acepta que la utilizaci\u00f3n del sitio web\u00a0<span style=\"letter-spacing: -0.15px;\">www.plantillas-ortopedicas.com<\/span>\u00a0se realiza bajo su propio riesgo, y que los servicios y productos que ah\u00ed se prestan y ofrecen se prev\u00e9n sobre una base \u00abtal cual\u00bb y \u00abseg\u00fan sean disponibles\u00bb. GPO no garantiza que la p\u00e1gina se\u00f1alada, satisfaga los requerimientos del usuario o que los servicios que en ella se ofrecen no sufran interrupciones, sean seguros o est\u00e9n exentos de errores.<\/p><p>GPO no garantiza o avala en ninguna forma la veracidad, precisi\u00f3n, legalidad, moralidad o ninguna otra caracter\u00edstica del contenido del material que se publique en el sitio web www. gpo-ortopedico.com.<\/p><p>El GPO se libera de cualquier responsabilidad y condiciones, tanto expresas como impl\u00edcitas, con relaci\u00f3n a los servicios e informaci\u00f3n contenida o disponible en, o a trav\u00e9s de esta p\u00e1gina web; incluyendo, sin limitaci\u00f3n alguna:<\/p><h2>La disponibilidad de uso del sitio web www.plantillas-ortopedicas.com<\/h2><p>La ausencia de virus, errores, desactivadores o cualquier otro material contaminante o con funciones destructivas en la informaci\u00f3n o programas disponibles en o a trav\u00e9s de esta p\u00e1gina o en general cualquier falla en dicho sitio.<\/p><p>No obstante lo anterior, el GPO o sus proveedores, podr\u00e1n actualizar el contenido de la p\u00e1gina constantemente, por lo que se solicita al usuario tomar en cuenta que algunas informaciones publicitadas o contenidas en o a trav\u00e9s de este sitio web pueden haber quedado obsoletas y\/o contener imprecisiones o errores tipogr\u00e1ficos u ortogr\u00e1ficos.<\/p><h2>Limitaciones a la responsabilidad<\/h2><p>Hasta el m\u00e1ximo permitido por las leyes aplicables, GPO no ser\u00e1 responsable, en ning\u00fan caso, por da\u00f1os directos, especiales, incidentales, indirectos, o consecuenciales que en cualquier forma se deriven o se relacionen con:<\/p><ul><li>El uso o ejecuci\u00f3n del sitio web\u00a0<span style=\"letter-spacing: -0.15px;\">www.plantillas-ortopedicas.com<\/span>, con el retraso o la falta de disponibilidad de uso del GPO.<\/li><li>La proveedur\u00eda o falta de la misma de servicios de cualquier informaci\u00f3n o gr\u00e1ficos contenidos o publicados en o a trav\u00e9s del sitio se\u00f1alado.<\/li><li>La actualizaci\u00f3n o falta de actualizaci\u00f3n de la informaci\u00f3n.<\/li><li>La alteraci\u00f3n o modificaci\u00f3n, total o parcial, de la informaci\u00f3n despu\u00e9s de haber sido incluida en dicho sitio.<\/li><li>Cualquier otro aspecto o caracter\u00edstica de la informaci\u00f3n contenida o publicada en la p\u00e1gina web o a trav\u00e9s de las ligas que eventualmente se incluyan en este sitio.<\/li><li>La proveedur\u00eda o falta de proveedur\u00eda que los dem\u00e1s servicios, todos los supuestos anteriores ser\u00e1n vigentes, a\u00fan en los casos en que se le hubiere notificado o avisado al GPO acerca de la posibilidad de que se ocasionaran dichos da\u00f1os.<\/li><\/ul><h2>Modificaciones al sitio web www.plantillas-ortopedicas.com<\/h2><p>GPO podr\u00e1 en cualquier momento y cuando lo considere conveniente, sin necesidad de avisar al usuario, realizar correcciones, adiciones, mejoras o modificaciones al contenido, presentaci\u00f3n, informaci\u00f3n, servicios, \u00e1reas, bases de datos y dem\u00e1s elementos de dicho sitio, sin que ello de lugar ni derecho a ninguna reclamaci\u00f3n o indemnizaci\u00f3n, ni que esto implique reconocimiento de responsabilidad alguna a favor del usuario.<\/p><h2>Modificaciones al convenio<\/h2><p>El GPO se reserva el derecho de modificar los T\u00c9RMINOS Y CONDICIONES DE USO de este convenio en cualquier momento, siendo efectivas dichas modificaciones de forma inmediata por medio de:<\/p><ul><li>La publicaci\u00f3n en el sitio web\u00a0<span style=\"letter-spacing: -0.15px;\">www.plantillas-ortopedicas.com<\/span>\u00a0del convenio modificado.<\/li><li>La notificaci\u00f3n al usuario sobre dichas modificaciones.<\/li><\/ul><p>De esta forma, el usuario est\u00e1 de acuerdo en revisar dicho convenio peri\u00f3dicamente con la finalidad de mantenerse al tanto de dichas modificaciones. No obstante lo anterior, cada vez que el usuario acceda al sitio se\u00f1alado se considerar\u00e1 como una aceptaci\u00f3n absoluta a las modificaciones del presente convenio.<\/p><h2>T\u00e9rminos adicionales<\/h2><p>Ocasionalmente, GPO podr\u00e1 agregar a los T\u00c9RMINOS Y CONDICIONES DE USO del presente convenio provisiones adicionales relativas a \u00e1reas espec\u00edficas o nuevos servicios que se proporcionen en o a trav\u00e9s del sitio web\u00a0<span style=\"letter-spacing: -0.15px;\">www.plantillas-ortopedicas.com<\/span>\u00a0(en lo subsecuente \u00abt\u00e9rminos adicionales\u00bb), los cuales ser\u00e1n publicados en las \u00e1reas espec\u00edficas o nuevos servicios de dicho sitio para su lectura y aceptaci\u00f3n. El usuario reconoce y acepta que estos t\u00e9rminos adicionales forman parte integrante del presente convenio para todos los efectos legales a que haya lugar.<\/p><h2>Cesi\u00f3n de derechos<\/h2><p>GPO podr\u00e1, en cualquier momento y cuando as\u00ed lo estime conveniente, ceder total o parcialmente sus derechos y obligaciones derivados del presente convenio. En virtud de dicha cesi\u00f3n, GPO quedar\u00e1 liberada de cualquier obligaci\u00f3n a favor del usuario, establecida en el presente convenio.<\/p><h2>Indemnizaci\u00f3n<\/h2><p>El usuario est\u00e1 de acuerdo en indemnizar a GPO, sus afiliados, proveedores, vendedores y asesores por cualquier acci\u00f3n, demanda o reclamaci\u00f3n (incluso de honorarios de abogados y de costas judiciales) derivadas de cualquier incumplimiento por parte del usuario al presente convenio; incluyendo, sin limitaci\u00f3n de alguna de las derivadas de:<\/p><p>Cualquier aspecto relativo al uso del sitio web\u00a0<span style=\"letter-spacing: -0.15px;\">www.plantillas-ortopedicas.com<\/span>.<\/p><p>La informaci\u00f3n contenida o disponible en o a trav\u00e9s de dicho sitio o de injurias, difamaci\u00f3n o cualquier otra conducta violatoria del presente convenio por parte del usuario en el uso de la p\u00e1gina web se\u00f1alada.<\/p><p>La violaci\u00f3n a las leyes aplicables o tratados internacionales relativos a los derechos de autor o propiedad intelectual, contenidos o disponibles en, o a trav\u00e9s de dicho sitio web.<\/p><h2>Terminaci\u00f3n<\/h2><p>GPO se reserva el derecho, a su exclusiva discreci\u00f3n, y sin necesidad de aviso o notificaci\u00f3n al usuario, para:<\/p><h2>Terminar definitivamente el presente convenio<\/h2><p>Descontinuar o dejar de publicar definitivamente el sitio web\u00a0<span style=\"letter-spacing: -0.15px;\">www.plantillas-ortopedicas.com<\/span>\u00a0sin responsabilidad alguna para GPO, sus afiliados o proveedores.<\/p><h2>Subsistencia<\/h2><p>Estos T\u00c9RMINOS Y CONDICIONES DE USO, as\u00ed como los t\u00e9rminos adicionales, constituyen el acuerdo \u00edntegro entre las partes, y sustituye cualquier otro acuerdo o convenio celebrado con anterioridad. Cualquier cl\u00e1usula o provisi\u00f3n del presente convenio, as\u00ed como de los t\u00e9rminos adicionales, legalmente declarada inv\u00e1lida, ser\u00e1 eliminada o modificada a elecci\u00f3n de GPO, con la finalidad de corregir su vicio o defecto. Sin embargo, el resto de las cl\u00e1usulas o provisiones mantendr\u00e1n su fuerza, obligatoriedad y validez.<\/p><h2>No renuncia de derechos<\/h2><p>La inactividad por parte de GPO, sus afiliados o proveedores al ejercicio de cualquier derecho o acci\u00f3n derivados del presente convenio, en ning\u00fan momento deber\u00e1 interpretarse como renuncia a dichos derechos o acciones.<\/p><h2>Legislaci\u00f3n aplicable y jurisdicci\u00f3n<\/h2><p>Este convenio estar\u00e1 sujeto y ser\u00e1 interpretado de acuerdo con las leyes y ante los tribunales de la ciudad de Xalapa, Veracruz, M\u00e9xico.<\/p>\t\t\t\t\t\t\t\t<\/div>\n\t\t\t\t<\/div>\n\t\t\t\t\t<\/div>\n\t\t<\/div>\n\t\t\t\t\t<\/div>\n\t\t<\/section>\n\t\t\t\t<\/div>\n\t\t","protected":false},"excerpt":{"rendered":"<p>T\u00e9rminos y condiciones Proemio Al ingresar y utilizar este portal de Internet, cuyo nombre de dominio es www.plantillas-ortopedicas.com, propiedad de la empresa GPO Plantillas Ortop\u00e9dicas, que en lo sucesivo se denominar\u00e1 GPO, el usuario est\u00e1 aceptando los T\u00c9RMINOS Y CONDICIONES DE USO contenidos en este convenio y declara expresamente su aceptaci\u00f3n utilizando para tal efecto [&hellip;]<\/p>\n","protected":false},"author":1,"featured_media":0,"parent":0,"menu_order":0,"comment_status":"closed","ping_status":"open","template":"elementor_header_footer","meta":{"footnotes":""},"class_list":["post-1979","page","type-page","status-publish","hentry"],"_links":{"self":[{"href":"https:\/\/plantillas-ortopedicas.com\/portal\/wp-json\/wp\/v2\/pages\/1979","targetHints":{"allow":["GET"]}}],"collection":[{"href":"https:\/\/plantillas-ortopedicas.com\/portal\/wp-json\/wp\/v2\/pages"}],"about":[{"href":"https:\/\/plantillas-ortopedicas.com\/portal\/wp-json\/wp\/v2\/types\/page"}],"author":[{"embeddable":true,"href":"https:\/\/plantillas-ortopedicas.com\/portal\/wp-json\/wp\/v2\/users\/1"}],"replies":[{"embeddable":true,"href":"https:\/\/plantillas-ortopedicas.com\/portal\/wp-json\/wp\/v2\/comments?post=1979"}],"version-history":[{"count":55,"href":"https:\/\/plantillas-ortopedicas.com\/portal\/wp-json\/wp\/v2\/pages\/1979\/revisions"}],"predecessor-version":[{"id":2040,"href":"https:\/\/plantillas-ortopedicas.com\/portal\/wp-json\/wp\/v2\/pages\/1979\/revisions\/2040"}],"wp:attachment":[{"href":"https:\/\/plantillas-ortopedicas.com\/portal\/wp-json\/wp\/v2\/media?parent=1979"}],"curies":[{"name":"wp","href":"https:\/\/api.w.org\/{rel}","templated":true}]}}